(q) is divided by j?
8
Let p = 7 + 7. Let s = 350144 + -350076. Calculate the remainder when s is divided by p.
12
Let u(t) = 115*t**2 + 31*t - 12. Calculate the remainder when u(3) is divided by 46.
12
Calculate the remainder when 1504/(-60)*660/(-44) is divided by 226.
150
Let o(k) = 12*k - 87. Let b be o(7). Calculate the remainder when (4*2/(-20))/(b/120) is divided by 5.
1
Suppose -555*k + 2111 - 854 = -4293. Let j = 107 - 50. Calculate the remainder when (-8)/6*j/(-2) is divided by k.
8
Let t = 1803 - 1277. What is the remainder when t is divided by 132?
130
Let k(j) = -j**2 + 12*j - 19. Suppose -2*g + 5*g - 6 = 0. Suppose s - 6 + g = 0. What is the remainder when k(8) is divided by s?
1
Let h = 8934 + 5085. What is the remainder when h is divided by 57?
54
Let g(x) = x**3 - 90*x**2 + 347*x - 249. What is the remainder when 1057 is divided by g(86)?
4
Suppose -156 = -2*x - 2*k, 4*k + 142 = 2*x - k. Let h = -16 + x. Calculate the remainder when 234 is divided by h.
54
Let y = 2693 - 122. What is the remainder when y is divided by 66?
63
Let b(r) = 277*r + 1935. Calculate the remainder when b(-6) is divided by 57.
45
Calculate the remainder when (-14)/(-28) + 55/(-66) + 4843/3 is divided by 10.
4
Let i(w) = -37*w - 477. What is the remainder when 124 is divided by i(-13)?
0
Let u = -95105 - -95346. What is the remainder when u is divided by 334/4 + 2/(-4)?
75
Suppose 911 = 67*x - 4181. Suppose 5*c + 2*j - 29 = 0, 2*c + 2*c - 30 = -5*j. Suppose -c*b - 55 = -10*b. What is the remainder when x is divided by b?
10
Suppose -3*x = x - 4, -3*q = -2*x - 151. Let u = q - 27. Let d = u + -4. Calculate the remainder when 39 is divided by d.
19
Let h = 58 + -48. Let m(u) = 37*u + 3. Let v(d) = 18*d + 1. Let z(o) = h*v(o) - 6*m(o). Calculate the remainder when z(-3) is divided by 30.
28
Let o be -48*((-5)/1)/(16/20). Suppose 0 = -161*b + 156*b + o. Calculate the remainder when b is divided by 31.
29
Let m = -14 + -14. Calculate the remainder when 95 is divided by 1/(4/16*-2) - m.
17
What is the remainder when ((-24)/(-84))/(1/7) - 73278/(-118) is divided by ((-40)/(-16))/((-2)/(-20))?
23
Suppose -474295 = -51*g - 132538 + 121680. What is the remainder when g is divided by 8?
7
Let y(m) = 6*m**3 + 362*m**2 + 73*m - 60. Calculate the remainder when y(-60) is divided by 120.
0
Let x = 346 + 448. Let w = x - 643. What is the remainder when w is divided by 54?
43
Let x = -1149 - -1253. What is the remainder when 379 is divided by x?
67
Let m be (-1)/(0 - (-4)/20). Suppose -2*x - j = 3*j - 74, -3*x + 147 = -3*j. Calculate the remainder when x is divided by (128/20)/((-2)/m).
13
Let o be (-2)/(-6) - (-9)/(-27). Suppose o = -0*k - k - 2, -m = 4*k - 5. What is the remainder when m is divided by 11?
2
Let v(r) = 3*r - 1. Suppose 0 = -2*i + h + 30, -5*i - 21 = -4*h - 96. What is the remainder when v(10) is divided by i?
14
Let f be (1020/9)/(4*(-4)/(-96)). Suppose f*w = 681*w - 160. Suppose -78 = -3*t + 87. What is the remainder when w is divided by t?
50
What is the remainder when 342 is divided by 4/(((-272)/(-92))/17)?
20
Suppose 2*q - 5*r - 254 + 2010 = 0, 3*q + 2615 = -2*r. Let s = -776 - q. Calculate the remainder when s is divided by 2.
1
Let m(b) = -40*b**3 - 28*b**2 - 34*b - 7. What is the remainder when m(-3) is divided by 37?
35
Suppose -t + 1282 = 5*o, 36*o + 3*t = 38*o - 506. Let r(b) = 2*b**2 + 2*b + 3. What is the remainder when o is divided by r(4)?
41
Let m = 7 - 10. Let g = 1709 - 1711. Calculate the remainder when 42 is divided by (m/1)/(g - (-38)/22).
9
What is the remainder when (-7581)/49*-7 + -8 is divided by 225?
175
Suppose 0 = 10*s - 3011 + 721. What is the remainder when s is divided by 8?
5
Suppose q + 5*l + 18 = 0, -3*l + 4 = 4*q - 2*l. Suppose -5*t + 3*f + 566 = 0, -q*t = 7*f - 9*f - 224. What is the remainder when t is divided by 18?
7
Let b = 422 - 163. Suppose -6*v + 239 = -3*v + y, -3*v + b = -4*y. Suppose -5*k = -22 - 48. What is the remainder when v is divided by k?
11
Let b(f) = -f**3 + 9*f**2 + 16*f - 21. Calculate the remainder when b(10) is divided by 1/5*-16*15/(-6).
7
Let y(u) = -2*u**2 + 13*u - 6. Let t be y(6). Suppose t = s - 8*s. Suppose -4*v - j = -9, s = -v - 3*j - j - 9. Calculate the remainder when v is divided by 2.
1
Suppose 3*q + 39 = 48. Let f = 23 - 14. Calculate the remainder when f is divided by -5 + q + -4 + 10.
1
Let o = 18762 - 13228. What is the remainder when o is divided by 154?
144
Suppose 169 = 4*x + 5*o, -5*x + o - 44 = -306. Calculate the remainder when 8516 is divided by x.
50
Calculate the remainder when 964 is divided by (-3512)/(-104) + (-198)/(-858).
12
Let h = 381 + -381. Suppose 15*s - 106 + 1 = h. What is the remainder when 74 is divided by s?
4
Let t be 2*5/(-50)*-5. Let v be 0/(-2 - (-2 - (-3 + -1))). What is the remainder when 54 is divided by t*(-1 - -3) + 13 + v?
9
Let h(m) = -16*m**3 + m**2 - m - 2. What is the remainder when h(-1) is divided by 30/(-1 + -3 + 7)?
6
Let x(f) = 17*f + 1. Calculate the remainder when x(2) is divided by (504/(-294))/((-14)/147).
17
Suppose -s + 4*r - 196 = 3*s, r - 245 = 5*s. Let m be (-2)/(3/(113 + 4)). Let d = s - m. Calculate the remainder when 84 is divided by d.
26
Suppose -11 = 2*o - 9, o = -c + 24. Let x(z) = z + 22. What is the remainder when 515 is divided by x(c)?
45
Let w(d) be the first derivative of -13*d - 10/3*d**3 + 17 + 9*d**2 + 1/4*d**4. What is the remainder when w(8) is divided by 2?
1
Calculate the remainder when (-6)/10 - (-149855)/425 is divided by ((-852)/(-4))/(1 - -2).
68
Let w(d) = 503*d + 9590. Let h = 252 - -141. Calculate the remainder when h is divided by w(-19).
30
Let m(f) be the third derivative of -f**5/30 + 29*f**4/24 - 8*f**3/3 - 42*f**2. Calculate the remainder when 243 is divided by m(11).
60
Suppose 5*h + 2*g - 109 = 0, -9*g - 89 = -4*h - 10*g. Suppose 33*f - 30 = 28*f. Calculate the remainder when h is divided by f.
5
Suppose -o = -4*o + 207. Let n = 1677 - 1543. What is the remainder when n is divided by o?
65
Let d(t) = -t**2 - 7*t + 7. Calculate the remainder when 9*((-5852)/(-33))/14 is divided by d(-6).
10
Let f = 6672 - 6658. Calculate the remainder when 179 is divided by f.
11
Calculate the remainder when (-8 - (11 + -17)) + 4695 + -2 + 0 is divided by 18.
11
Suppose 8*a - 7*a + 5*x = 717, -4*x + 725 = a. What is the remainder when a is divided by 246?
19
Calculate the remainder when 164 is divided by (-56)/(-7) + 477/(-8 - -17).
42
Suppose 0*i - 7*i + 14773 = 10*i. Calculate the remainder when i is divided by 109.
106
Suppose 3087 = 87*o + 60*o. Calculate the remainder when 206 is divided by o.
17
Let i = 3267 - 3237. Suppose -h = 3*w - 290, 5*h + 97 = 2*w - 85. Calculate the remainder when w is divided by i.
6
Suppose -l + 188 = -2*r - 94, l - 5*r - 291 = 0. Suppose -l = -17*j + 948. What is the remainder when j is divided by 37?
35
Let x = -21 + 36. Let j be 2/6*-2 - 1715/x. Let f = j - -146. Calculate the remainder when f is divided by 17.
14
Let f(x) = -25*x**3 + 2*x**2 - 7*x + 4. Let p be f(3). Let o = -268 - p. Calculate the remainder when o is divided by 24.
22
Let x be 2842/(-147) - (-2)/(-3). Let u(s) = s**3 + 20*s**2 + s + 34. What is the remainder when u(x) is divided by 4?
2
Let p(l) = -l**2 - 9*l - 5. Let c be p(-9). Calculate the remainder when 197 + (3 + -13)/c*-1 is divided by 18.
15
Suppose -3*y - n = -141, -y + 28 = -n - 23. Let i(g) = -g**3 + 6*g**2 + 5*g + 1. Calculate the remainder when i(6) is divided by 3 + y/(-18) + 100/6.
14
Let t(b) = b**3 - 4*b**2 + b - 2. Let v be t(4). Suppose v*s - s = 23. Let z(q) = -1116*q - 4459. What is the remainder when s is divided by z(-4)?
3
Suppose 5 - 6 = n. Let j be (29*-1*(0 + n))/(-1). Let v = 63 + j. Calculate the remainder when v is divided by 9.
7
Let i = 1539 + -1450. What is the remainder when 217 is divided by i?
39
Let o be -5 + (-36)/(-4) - -1. Calculate the remainder when (-1)/o*-5 + -2 + 184 is divided by 31.
28
Suppose 492*h = 508*h - 4432. What is the remainder when 1120 is divided by h?
12
Suppose 0 = 7*g - 2*g - 3750. Suppose 3*h - 4*h = -3*w + 730, 3*w + 3*h = g. Suppose -7*t + w - 91 = 0. Calculate the remainder when 107 is divided by t.
19
Suppose 6*b = 3*b + 2*i + 12, -3*b = 2*i - 12. Let z = 75 - 73. Suppose z*g - 83 = 7. 